e of (17 - (28 + 13)) + -3 + 92?
65
What is -80 + (-78 - -81 - (-1 + 0)) - (164 + -153)?
-87
What is (-20 - -2 - -2) + 7 + (8 - 2)?
-3
-16 + 12 - -31 - 7 - -54
74
Evaluate -44 - (-18 - (-52 - (-36 + (8 - -9)))).
-59
What is -54 - (-6 + (5 - (4 - (9 - 1))))?
-57
Calculate -138 - (19 - (-3 - (-6 + -17)) - 4).
-133
Evaluate (-7 - 6) + 89 + (4 - -6 - 28).
58
What is (47 + -25 - 8) + -23 + (102 - 0)?
93
What is the value of 23 + -3 + 5 - 12 - 2?
11
What is -81 - (41 - -9 - 107)?
-24
Evaluate (-67 - (-30 + 19)) + (-1 - -11).
-46
What is 19 + 4 - (27 - (36 - -13))?
45
What is 2 + 79 + -207 - -40?
-86
What is the value of (23 - -3) + (11 - 28)?
9
3 + 2 + -49 + 68 + -53
-29
What is -2 + 3 + (3 - -8) + (-21 - (10 - 0))?
-19
Evaluate -29 + -6 + 4 - (3 - -23).
-57
Calculate 10 + 10 + 16 + -46 - 45 - -7.
-48
(6 - (0 + 2)) + 484 + -487
1
Calculate -143 + 176 - (-5 + 6 - 6).
38
What is the value of 17 + -34 + 54 - 62?
-25
-55 + (29 - -21) + 35
30
Calculate 4 - (2 + (14 - (16 - 18))) - (1 - 2).
-13
What is the value of 32 + 6 - (49 - -37 - 122)?
74
What is the value of (-102 - 34 - -25) + 36 + 3 + -4 + 1?
-75
What is (0 - -4) + (4 - 2) - (-2348 - -2360)?
-6
7 + -42 - 0 - (224 - 219)
-40
What is the value of 19 + -56 + 35 + (12 - -7)?
17
Calculate (-3 - 78) + (2643 - 2617).
-55
What is the value of -11 + -1 + -1 - ((18 - 48) + -49 + -14)?
80
Evaluate 3 + (-36 - 72 - -123).
18
Calculate (-12 - -2) + -7 + 2 + (-12 + 65 - -17).
55
Calculate 31 + (118 - 172) - -151.
128
Calculate -20 + -44 + -10 + -2 + -4 + 12.
-68
Evaluate 208 - 83 - (28 + 0 + 3).
94
Evaluate (-366 - -357) + 0 + 0 - (-1 - -24).
-32
25 - (-36 + -6 + 26)
41
What is the value of (-16 - -23) + -17 + 16 - (8 - 140)?
138
Evaluate 1 - (72 - (15 - -46)).
-10
Evaluate -21 + (-31 - (19 + -26)).
-45
Evaluate 40 + 8 + -52 + 3 - -52.
51
What is the value of -7 + (-6 - 67) + 10 + -10 + -2?
-82
27 + (15 - 27 - 6) - (113 - 7)
-97
Evaluate (106 - 1) + (42 - (10 - -44)).
93
-21 + (-30 - -40) + -2 - (-6 - 15)
8
-11 + (-15 + 9 - 75 - 19 - 20)
-131
Evaluate -90 + -47 - (-69 - 190).
122
(1 - 52) + (-215 - -247)
-19
Calculate -28 - (9 + -6 - 17) - -6.
-8
Evaluate 509 - 527 - (3 - -1).
-22
What is the value of -18 + 37 + -52 + (-4 - 0)?
-37
What is (193 - 103 - (-14 - (7 + -9))) + (6 - 0)?
108
Evaluate (-14 - (-12 - -23)) + 74 + 7.
56
What is (-160 - (-150 + 65)) + 64?
-11
What is 1 + -2 + 662 + -608?
53
Evaluate 64 + (9 - (-33 + 58)).
48
What is the value of 241 + -122 + -148 + 82?
53
Calculate -79 + 0 + 10 + -14 + (-4 + -6 - -16).
-77
What is the value of (-3 - -3) + -2 - 4 - (138 - (168 + -60))?
-36
-54 + (-1 + 0 - -8) + (40 - (151 + -117))
-41
24 + 2 - (216 - 207)
17
69 + -198 + (-9 - 7) + 14
-131
What is 1 + (0 - -52) + -12 - 22?
19
Evaluate (-23 - -16) + 0 + 3 + -6 - 10.
-20
Calculate 17 + -372 + 372 + 0 + -13 + (0 - -6).
10
What is 0 + (4 - -1) + (1 - 4 - (-151 - -155))?
-2
What is the value of (36 - (-35 + (-22 - -47) - -34)) + -1 + 9?
20
What is (-4 + -2 - 47) + (17 + -2 - 11)?
-49
What is -31 + 32 + -22 - (5 + 7)?
-33
9 - 14 - 1 - (16 + -14 - -12)
-20
Calculate 32 + -34 + -27 + 82.
53
What is -84 + 26 + 6 - -11 - -173?
132
What is -27 + 2 + 111 + -97 - 20?
-31
Evaluate ((-8 - -9) + 9 - 10) + -2 - (-36 + -1).
35
What is (19 - (12 - 13)) + (-19 - 9)?
-8
Evaluate 38 + (37 - 47) + -14.
14
What is the value of -9108 + 8968 + 0 + 79?
-61
What is (-23 - (-13 + (-3 - -5 - -4))) + 8 - 61?
-69
Calculate (34 - (31 + -15)) + 6 + 5 + -12 + 3.
20
What is the value of 6 - 90 - (-2 + (0 - 3) - 6)?
-73
What is 126 - (12 + (71 - 18))?
61
Evaluate 0 - 3 - (-18 + (119 - -3) + -3 + 33).
-137
Calculate 5 + -19 + 22 + 24 - (-1 - -9).
24
Evaluate (0 - -30) + (-9 - -27) + -35.
13
What is -17 + 7 - ((-17 - -9) + 2) - (0 + -94)?
90
What is the value of (-8 - (6 - 1)) + -75 + -2 + (-52 - -45)?
-97
What is the value of -37 + 17 + -32 + 22 + -17?
-47
Evaluate 236 + 119 + -329 - (-1 + -27).
54
What is the value of (-22 - (166 - 7) - -42) + 17 + 0?
-122
Evaluate (-24 - 26) + 70 + 18.
38
(-3 - 43) + -879 + 937 + (2 - (1 + -73))
86
What is the value of 1 - 9 - (-30 + 23 + 19 + -19)?
-1
What is the value of (5 + (-2 - 0) - (-653 - -664)) + 29?
21
What is 13 + (25 - 122 - -53)?
-31
Evaluate -19 + 5 + -19 - 12 - (14 + -6).
-53
(14 + -4 - (22 + -21)) + (8 - 8) - 33
-24
-32 + (2 - 2 - (-215 + 244))
-61
What is (-3 - (14 - -24)) + 25?
-16
What is the value of (2 - -75) + (-25 + 5 - 0)?
57
-2 - (0 + (58 - 49))
-11
What is 53 - (16 + -5 + ((-5 - -5) + 16 - 33))?
59
Evaluate (-27 - (-1 + -3) - -16) + 37 - -16.
46
4 + 2 + -122 + 3 - (3619 - 3637)
-95
What is -263 + 188 - ((10 - -1) + 10 + 4 + -14)?
-86
23 + -6 + 2 + 5 + -2 + -14 + 14
22
Calculate (3379 - 3393) + 39 + 2.
27
What is (4 - -1) + -14 + 7 - (-26 - -10)?
14
(-33 + 52 - (3 + 25) - -53) + -1
43
What is (-569 + 589 - (1 + 98)) + (-2 - -21)?
-60
-3 + (-25 - -35 - -133) - 16
124
What is (0 - 3 - (-8 - (3 + 6 - 5))) + 11?
20
What is (0 + 4 - (13 + -5)) + (-33 - -25)?
-12
Calculate -60 + (-381 - -399 - (5 - -26)).
-73
What is the value of 0 + (-5 - ((1 - 7) + 1)) + 63?
63
Calculate 32 - (-29 + 3 + 63).
-5
33 + -9 + (59 - 48)
35
185 - 217 - (13 + 0)
-45
What is the value of 48 - 12 - (-40 + 96)?
-20
What is (11 + (9 - (29 - 7)) - 84) + (-3 - 11)?
-100
Evaluate (-9 - -9) + 5 + -341 + 369.
33
-7 - -36 - (186 + -180)
23
Evaluate -93 + 11 + -19 + 19 + 19.
-63
What is (80 - (-10 + 72)) + (-3 - -20)?
35
Evaluate 0 + 1 - -39 - (-23 - (40 + -51 + -23)).
29
(39 - (36 + -8)) + (-11 - 1) - 63
-64
What is the value of (-3 + 8 + -22 - 4) + -6?
-27
Calculate (11 - 5) + (48 - 46) + -2 + 27.
33
What is -26 + 1 + 35 + 3 + -9?
4
Evaluate (77 - 1) + (18 - (-9 + (-8 - -12) + 14)).
85
What is the value of -2 + 57 + (15 - 52)?
18
Calculate 19 + -33 + 15 + -10 + (4 - -3).
-2
-5 + 12 + (-28 - -4)
-17
Evaluate -43 + -42 + 80 - (84 + 0 + 1) - 3.
-93
Calculate (102 + -35 - 43) + 12.
36
7 + (2 - (-3 + -3) - (18 + 12))
-15
What is the value of (0 - -3) + (114 - (-104 - -217))?
4
18 - ((-58 - (3 - 15)) + -31 + 23)
72
Evaluate (-440 - -430) + (-1 - -10 - 0) - (12 + -25).
12
Calculate -1 + -65 + -5143 + 5190.
-19
Calculate 16 + ((-12 - 1) + -17 - 0) + 23.
9
Calculate -17 - (22 - (60 + -12)).
9
1 - (5 - 42 - (12 + -31 - -15))
34
Calculate -6 + 17 - (45 + -10 + 20 + -17).
-27
(-3 + -10 + (1 - (6 + -19)) - -9) + -8
2
-8 - (-15 + 5 + 24) - ((-2 - -1) + -9)
-12
What is the value of -188 - -171 - (0 + -9)?
-8
What is (5333 - 5324) + (-118 - 2) + 0 + 3?
-108
Calculate (-15 - (10 - 16 - -11)) + 36 + 3 + 1.
20
What is 0 - 19 - (41 + -218 + 125)?
33
What is -108 + (16 - (-8 - (9 - 51)) - -6)?
-120
What is the value of 32 + (32 + 28 + 7 - -3)?
102
Calculate (3 - (4 + -2 + 5 + 5)) + (-5 - 19).
-33
What is the value of -1 + 17 - (203 + 27 + -305)?
91
Calculate -59 - -1 - (0 + 73).
-131
0 + (16 - 15 - 15)
-14
Calculate -16 + -14 + -26 + -5.
-61
What is (-13 - -24) + -18 + 9 + 21?
23
Evaluate 0 - -9 - (-2 - -3 - 16) - -122.
146
What is the value of -108 - (-35 - -26 - (9 + (7 - (-10 + 45))))?
-118
What is the value of 3 + -38 + 38 + -24?
-21
Evaluate 10 - (-21 - (-31 - (43 - 24))).
-19
What is the value of 3 - (7 + (10 + -26 - (0 + -3)) + 2)?
7
Calculate (51 - 74 - -22) + -1 + 0.
-2
What is the value of -2 + -3 + -104 + 67 + -1?
-43
Calculate (12 - (2 - 0)) + -63 + (-80 - -35).
-98
Calculate (-2 - -1) + (90 - 96) + -8.
-15
Evaluate 53 + (-13 + 12 - 51).
1
What is the value of -47 + 52 - (0 - (5 - -2) - 1) - 64?
-51
-20 - ((-18 - (-37 - -6)) + 14 - 4)
-43
What is the value of 1 - (4 - 2) - (-119 + 260 + -169)?
27
Evaluate 5 + (47 - ((-14 - -17) + 7 - 12)).
54
(-1 - 11) + 46 + (-12 + -8 - -9)
23
Calculate 22 + -22 + 9 - ((-80 + 7 - -4) + 4).
74
Evaluate (0 + 27 + -31 - -24) + -4 + -107.
-91
Calculate -20 + 37 + 13 + -41.
-11
What is -13 - (7 + (-1 - 2)) - (2 + -11) - 12?
-20
Calculate 47 + (-12 - (-7 - (2 + 12 - 7))).
49
Evaluate 2 - (-90 + -1) - ((-8 - 2) + 27 + -11).
87
Calculate -5 + 1 + 2 + 10 + -15 + -9.
-16
Evaluate 23 + (18 - (109 - 81) - (1 + 2)).
10
(10 - 2) + 1159 + -1197 + 36
6
What is 9 + (61 + -33 + -119 - (-9 + 0)) - 12?
-85
12 + 2 - (1 + -16 - (193 + -197))
25
Evaluate (-11 - 41 - -14 - -18) + -69.
-89
(-1 - ((1 - 8) + 85)) + (5 + -11 - -19)
-66
Evaluate 45 + -58 + (-3 - 22).
-38
Calculate -6 - -9 - (-57 + (-15 - -1)) - -11.
85
C